{"id":188,"date":"2020-08-09T14:28:24","date_gmt":"2020-08-09T12:28:24","guid":{"rendered":"https:\/\/jdemaslatrie.com\/shop\/?post_type=product&#038;p=188"},"modified":"2020-08-29T12:26:30","modified_gmt":"2020-08-29T10:26:30","slug":"paire-dappliques-de-murano-mod022","status":"publish","type":"product","link":"https:\/\/jdemaslatrie.com\/shop\/produit\/paire-dappliques-de-murano-mod022\/","title":{"rendered":"Paire d\u2019appliques de Murano"},"content":{"rendered":"<p><strong>Paire d\u2019appliques de Murano<\/strong><br \/>\nOpaline blanche surmont\u00e9e d\u2019\u00e9l\u00e9ments mouchet\u00e9s de poudre d\u2019or Barovier<br \/>\ndes ann\u00e9es 1950<\/p>\n","protected":false},"excerpt":{"rendered":"<p><strong>Paire d\u2019appliques de Murano<\/strong><\/p>\n","protected":false},"featured_media":212,"template":"","meta":[],"_links":{"self":[{"href":"https:\/\/jdemaslatrie.com\/shop\/wp-json\/wp\/v2\/product\/188"}],"collection":[{"href":"https:\/\/jdemaslatrie.com\/shop\/wp-json\/wp\/v2\/product"}],"about":[{"href":"https:\/\/jdemaslatrie.com\/shop\/wp-json\/wp\/v2\/types\/product"}],"wp:featuredmedia":[{"embeddable":true,"href":"https:\/\/jdemaslatrie.com\/shop\/wp-json\/wp\/v2\/media\/212"}],"wp:attachment":[{"href":"https:\/\/jdemaslatrie.com\/shop\/wp-json\/wp\/v2\/media?parent=188"}],"curies":[{"name":"wp","href":"https:\/\/api.w.org\/{rel}","templated":true}]}}